se 0*v + 28 = h*v. What is the units digit of v?
7
Let h(t) = t**3 - 2*t**2 + t + 2. Let q be h(2). Let c be (-146)/q - (-3)/6. Let a = c - -51. What is the units digit of a?
5
Let s be (-6 - -8)/(4/(-102)). What is the units digit of (-170)/s - 4/(-6)?
4
Let l(t) = t**2 + 12*t + 12. What is the units digit of l(-11)?
1
Let q be (6 - 4) + (3 - 1). Suppose -q*o = -0*m + 2*m, 0 = -3*o. What is the units digit of (-13)/((-2)/2 + m)?
3
Suppose -6*h = -h + 5, 2*r - 4*h - 74 = 0. What is the units digit of r/(-15)*(-2 - 1)?
7
Let m(i) = -i**2 - 4. Let j be m(0). Let l(b) = 2*b**3 - 3*b**2 + 2*b - 2. Let r be l(2). Let s = r + j. What is the units digit of s?
2
Suppose 0 = -2*w - b - 163, 4*w + b + 331 = -0*w. Let v = -60 - w. Suppose -4*x + 0*x + v = 2*z, x - 2*z = 11. What is the units digit of x?
7
Suppose x = -2*t - 2*x - 20, 5*t - 3*x = -50. What is the units digit of 4/t*50/(-2)?
0
Let h = 49 - 12. What is the units digit of h?
7
Let w be (-5)/(20/(-12)) - 3. Suppose 3*k - 74 = -4*d + 2*d, -5*d - 5*k + 190 = w. What is the tens digit of d?
4
Suppose -5*s = -s - 28. Suppose -3*w - 2*g - s = -1, 0 = -w - 3*g - 9. What is the units digit of w - -1 - 5/(-5)?
2
Let f = 8 + -4. Let t = f + -1. Suppose -t*s + s = -14. What is the units digit of s?
7
What is the tens digit of (-2 - (-10)/3)/(3/36)?
1
Suppose w + 2*w = 3. Let v = 2 - w. What is the units digit of v?
1
Suppose z - 3*z - 2*k + 70 = 0, -z + 3*k = -23. What is the units digit of z?
2
Let r = 12 - 2. What is the units digit of r?
0
Let s = 7 - 2. Suppose -3*n - a + 29 = 0, -s*a = -0*n + 5*n - 65. Suppose -d = -n - 0. What is the units digit of d?
8
Let p(m) = 15*m**3 - m**2 + m. Let z be p(1). What is the units digit of (20/(-3))/((-5)/z)?
0
Let y = 22 + -16. Let l(o) = o - 3. Let z be l(y). Suppose 2*k - z*a = 29, 2*k + k + a = 16. What is the units digit of k?
7
Let r(y) = 22*y**3 + 6*y - 6. What is the units digit of r(1)?
2
Let f(h) = -4*h**3 + 2*h**2 + 2*h - 3. What is the hundreds digit of f(-3)?
1
Suppose -m - 2*m + v = 2, 3 = 2*m - 5*v. Let j be (-2)/(-4) + m/2. Suppose 5*x - 30 = -j*x. What is the units digit of x?
6
Let q(j) be the first derivative of -j**3/3 + 6*j**2 - 12*j - 2. What is the units digit of q(9)?
5
Suppose -m = 3*m. Suppose m*a = 2*a - 4. What is the units digit of a?
2
Suppose 544 = 6*j + 142. What is the units digit of j?
7
Let c(g) = g - 4. Let p be c(3). Let r = -20 + 18. What is the units digit of 15 + (p - (-2 - r))?
4
Let w be (-24)/(-2) - (-1 - -3). Let x be ((-12)/10)/((-2)/w). Suppose -y = 2*d + x, -4*y + 5*d + 30 = y. What is the units digit of y?
2
What is the tens digit of ((-10)/5)/((-2)/39)?
3
Let t = 14 - 5. Suppose 0 = 4*j + 2*l - 6, 5*j - 5 = 4*l + t. Suppose 29 = j*g - k, 2*g + 2*k - 30 = 4*k. What is the tens digit of g?
1
Let u(o) = o**3 + 10*o**2 + 2*o + 1. What is the units digit of u(-8)?
3
Suppose 0 = -2*r - d - 2*d, 2*r = 4*d + 14. Suppose 45 = 5*i - 8*i. What is the units digit of (r/(-2))/(i/20)?
2
Let y(w) = w**2 + 4*w - 3. Let h be y(-5). Suppose 4*i = -g - 0*i - 16, h*g - i - 4 = 0. Let p = 3 - g. What is the units digit of p?
3
Let n be ((-63)/14)/(3/6). Let j = 0 - 5. Let l = j - n. What is the units digit of l?
4
Let s be 24/(-3)*(-6)/8. Let p(r) = r + 4. What is the tens digit of p(s)?
1
Suppose -27 = -t - 4. What is the units digit of t?
3
Let g be (-2 + 1)/(2/24). Let u be -3*(g/9 - 0). Suppose 28 = u*r + 3*m, -r - 2*m + 24 = 3*r. What is the units digit of r?
4
Suppose 2*k - 31 = 39. Suppose 0*i - 5*i = 5*r - k, -18 = -2*r - i. What is the units digit of r?
1
Suppose -5*d - 4*j = -165, -3*d - 5*j = 25 - 137. What is the units digit of d?
9
Let m(p) = -2*p - 6. Suppose j - 5*g - 26 = 0, -g - 25 = 4*g. Let r(y) = -y - 1. Let v(o) = j*m(o) - 3*r(o). What is the units digit of v(7)?
4
Suppose -5*y = -2*a - 4, 3*y = 2*y - 2*a - 4. Suppose 0 = -l - y + 9. What is the units digit of l?
9
Let f(u) be the third derivative of 0 + 3*u**2 - 1/24*u**4 + 0*u + 7/60*u**5 + 1/120*u**6 + 1/2*u**3. What is the units digit of f(-7)?
0
Suppose 5*r - 3*y + 6*y - 510 = 0, -2*r = 5*y - 223. What is the units digit of r?
9
Let m = 20 + -24. Let l(q) = q - 4. Let y(n) = 2*n - 4. Let z(w) = 5*l(w) - 4*y(w). What is the units digit of z(m)?
8
Let j = 3 - 1. Let y = j + 0. Suppose y*g - 20 = -2*g. What is the units digit of g?
5
Let j = 0 - 16. Let f be j/(-1*4/2). Suppose 5*w - f = w. What is the units digit of w?
2
Let y be 0 + (8*-1)/(-4). Suppose -i + 2*q = -15, -q = -y*i - 5*q + 54. What is the units digit of i?
1
Suppose -4*q = 7*w - 2*w + 135, -3*q + 4*w - 109 = 0. Let h = q + 25. What is the tens digit of (-1 - 0)*1*h?
1
Let f = 66 - -41. What is the units digit of f?
7
Let x be (-3)/((-15)/(-2))*5. Let s = 35 + x. What is the units digit of s?
3
Suppose 0*o = -o + 6. Let s(u) = u. Let i be s(2). Suppose o = i*l - l. What is the units digit of l?
6
Let z(p) = -p**2 + 8*p - 5. What is the units digit of z(6)?
7
Let z = 294 - 78. What is the hundreds digit of z?
2
What is the hundreds digit of ((-2296)/24)/(3/(-9))?
2
What is the units digit of (-22)/(-6) + (-7)/(-21)?
4
Let z be -1*(-15)/(-2 + 5). Suppose 33 + 12 = -z*i. What is the units digit of (2 + i/6)*6?
3
Let i(q) = -q**2 - 7*q - 2. Suppose 0 = 4*h + 3*y + y - 4, 2*h = -y + 3. Let g be ((-5)/h)/((-3)/(-6)). What is the units digit of i(g)?
8
Let d(o) be the second derivative of o**4/4 + o**3/6 + o**2/2 - 2*o. Let m be d(-1). What is the tens digit of (-2)/m*(-51)/2?
1
Let g(q) = -78*q**2 + q + 92*q**2 - q. Suppose 2*z - 1 = 2*l - 5*l, -3*z + 2 = 5*l. What is the units digit of g(z)?
4
Let q(d) = -d**3 + 2*d**2 + 2. Let t be q(2). Suppose -n - t*c + 14 = -3*n, -2*n + 5*c - 20 = 0. Let a(k) = -3*k + 3. What is the tens digit of a(n)?
1
Suppose 0*z + 12 = 3*z. Let a be 2 + 3/(-9)*-3. Suppose 3*p + y = -a*y - z, 36 = 5*p - 4*y. What is the units digit of p?
4
Let p = 68 - 27. What is the tens digit of p?
4
Let j = -130 - -339. What is the hundreds digit of j?
2
Let y be (-9)/(-1) - (0 + 1). Suppose 4*a = -0*a - y. What is the tens digit of ((-26)/4)/(a/4)?
1
Suppose -3*m - 138 = -3*z, 5*z + 5*m - 92 = 3*z. What is the units digit of z?
6
Let s(u) = 2*u**2 + 1. Let o be s(-2). What is the units digit of (-3)/((-4)/(48/o))?
4
Suppose 8*j = 7*j + 5. Suppose -4*n + 9 = j*q - 14, -n = -q + 1. What is the tens digit of (16 - (0 + q)) + 3?
1
Suppose 3*s = 9, 0 = d - 2*s - 141 + 41. What is the hundreds digit of d?
1
Let b(u) = -u**2 - 20*u + 14. What is the tens digit of b(-16)?
7
Let x be 4/3*165/10. Let h(i) = 2*i - 5. Let s be h(-4). Let r = s + x. What is the units digit of r?
9
Suppose 97 = j + 3*r, 2*j - 2*r = -6*r + 196. Suppose 0 = -3*v - 25 + j. What is the tens digit of v?
2
Let o = 337 - 233. What is the units digit of o?
4
Let x be (0 - -1) + (0 - -7). Let i(r) = -r**3 + 9*r**2 - 7*r + 1. Let b be i(x). What is the units digit of (30/9)/(3/b)?
0
Let h(i) = 6*i**2 + 2*i + 1. Let q be h(2). Suppose 3*n = 86 - q. What is the tens digit of n?
1
Let u = -7 + 4. What is the units digit of ((-3)/2)/(u/4)?
2
Let m(c) = -3*c**3 - c**2 + c + 2. What is the units digit of m(-1)?
3
Let q(v) = -v + 6. Let s(m) be the first derivative of -m**2/2 - 3*m + 3. Let g be s(-6). What is the units digit of q(g)?
3
Suppose 171 = 3*m - 9. What is the tens digit of m?
6
Suppose 0 = -9*v + 10*v - 31. What is the units digit of v?
1
Let r(f) = 5*f**2 + 48*f - 3. What is the units digit of r(-10)?
7
Let x(c) = c + 2*c - 4 + 3*c + 0. What is the units digit of x(2)?
8
Let h(i) = i**2 - 5*i. Let f be h(5). Suppose 4*c + 4*r - 20 = -f*c, -r + 21 = 3*c. What is the units digit of c?
8
Let d = 7 - 1. Let u = 12 - d. What is the units digit of u?
6
Let v = 3 - 4. What is the tens digit of 71/4 - v/4?
1
Let u(p) = -p**3 + 4*p**2 + 4*p - 3. Let k be u(5). Let q be 2/(-3) + k/(-3). Suppose -2*f + 22 = 2*f - q*h, -3*f - 5*h = -23. What is the units digit of f?
6
What is the units digit of 0/((-15)/(-5)) + 16?
6
Let b(o) = 17*o - 61. What is the hundreds digit of b(19)?
2
Let u be 0 + 2*(0 + 1). Let l be ((-1)/u)/(3/264). What is the tens digit of 8/l + 268/22?
1
Let z(h) = 31*h - 62. What is the tens digit of z(11)?
7
Let t = 100 + -38. Suppose -86 - t = -4*a. What is the units digit of a?
7
Let b be 99/45 - (-1)/(-5). Let 